{"id":934,"date":"2025-03-16T21:24:32","date_gmt":"2025-03-16T19:24:32","guid":{"rendered":"https:\/\/kulttuurigoesbaari.fi\/?page_id=934"},"modified":"2026-02-28T12:34:08","modified_gmt":"2026-02-28T10:34:08","slug":"esiintyjat-2025-haarikka","status":"publish","type":"page","link":"https:\/\/kulttuurigoesbaari.fi\/?page_id=934","title":{"rendered":"Esiintyj\u00e4t 2026 &#8211; Haarikka"},"content":{"rendered":"\n<p>L\u00e4hiravintola Hyvink\u00e4\u00e4ll\u00e4, jossa lauletaan karaokea joka lauantai.<br><br><a href=\"https:\/\/www.facebook.com\/HaarikkaHyvinkaa\" data-type=\"link\" data-id=\"https:\/\/www.facebook.com\/HaarikkaHyvinkaa\">https:\/\/www.facebook.com\/HaarikkaHyvinkaa<\/a><\/p>\n\n\n\n<div class=\"wp-block-columns is-layout-flex wp-container-core-columns-is-layout-9d6595d7 wp-block-columns-is-layout-flex\">\n<div class=\"wp-block-column is-layout-flow wp-block-column-is-layout-flow\">\n<figure class=\"wp-block-image size-large\"><img loading=\"lazy\" decoding=\"async\" width=\"819\" height=\"1024\" src=\"https:\/\/kulttuurigoesbaari.fi\/wp-content\/uploads\/2026\/02\/2026_ppt-1-819x1024.jpg\" alt=\"\" class=\"wp-image-1262\" srcset=\"https:\/\/kulttuurigoesbaari.fi\/wp-content\/uploads\/2026\/02\/2026_ppt-1-819x1024.jpg 819w, https:\/\/kulttuurigoesbaari.fi\/wp-content\/uploads\/2026\/02\/2026_ppt-1-240x300.jpg 240w, https:\/\/kulttuurigoesbaari.fi\/wp-content\/uploads\/2026\/02\/2026_ppt-1-768x960.jpg 768w, https:\/\/kulttuurigoesbaari.fi\/wp-content\/uploads\/2026\/02\/2026_ppt-1.jpg 1080w\" sizes=\"auto, (max-width: 819px) 100vw, 819px\" \/><\/figure>\n<\/div>\n\n\n\n<div class=\"wp-block-column is-layout-flow wp-block-column-is-layout-flow\">\n<h2 class=\"wp-block-heading\">P&amp;P&amp;T<\/h2>\n\n\n\n<p>Musiikkigenre: pop\/rock\/R&amp;B\/soul<\/p>\n\n\n\n<p><a href=\"https:\/\/www.facebook.com\/pitkanenpoikatytar\" target=\"_blank\" rel=\"noreferrer noopener\">Facebook<\/a><br><br>&#8221;P&amp;P&amp;T eli Pitk\u00e4nen &amp; pojat &amp; tyt\u00e4r on perheb\u00e4ndi, jossa mukana ovat is\u00e4 Olli-Pekka, pojat Antti ja Mikko sek\u00e4 tyt\u00e4r Hanna, kaikki jo hyvinkin aikuisia. Kaikilla on taustalla enemm\u00e4n tai v\u00e4hemm\u00e4n musiikkiharrastusta ja opintoja. Kaikki b\u00e4ndin j\u00e4senet laulavat ja soittimia vaihdellaan biisien mukaan.<br>P&amp;P&amp;T on KGB:n konkari: esiintymisi\u00e4 tapahtumassa on jo toistakymment\u00e4 kertaa. B\u00e4ndimme on saanut joka kerralla yleis\u00f6n suuren suosion. Repertuaarimme koostuu b\u00e4ndin j\u00e4senten omista cover-suosikeista ja mukana on niin koti- kuin ulkomaisia hittej\u00e4, mutta my\u00f6s v\u00e4hemm\u00e4n tunnettuja biisej\u00e4. P&amp;P&amp;T esiintyy harvoin, joten keikkaa kannattaa tulla kuuntelemaan vaikka kauempaakin!&#8221;<\/p>\n<\/div>\n<\/div>\n\n\n\n<div class=\"wp-block-columns is-layout-flex wp-container-core-columns-is-layout-9d6595d7 wp-block-columns-is-layout-flex\">\n<div class=\"wp-block-column is-layout-flow wp-block-column-is-layout-flow\">\n<figure class=\"wp-block-image size-large\"><img loading=\"lazy\" decoding=\"async\" width=\"819\" height=\"1024\" src=\"https:\/\/kulttuurigoesbaari.fi\/wp-content\/uploads\/2026\/02\/2026_varattu-linja-819x1024.jpg\" alt=\"\" class=\"wp-image-1263\" srcset=\"https:\/\/kulttuurigoesbaari.fi\/wp-content\/uploads\/2026\/02\/2026_varattu-linja-819x1024.jpg 819w, https:\/\/kulttuurigoesbaari.fi\/wp-content\/uploads\/2026\/02\/2026_varattu-linja-240x300.jpg 240w, https:\/\/kulttuurigoesbaari.fi\/wp-content\/uploads\/2026\/02\/2026_varattu-linja-768x960.jpg 768w, https:\/\/kulttuurigoesbaari.fi\/wp-content\/uploads\/2026\/02\/2026_varattu-linja.jpg 1080w\" sizes=\"auto, (max-width: 819px) 100vw, 819px\" \/><\/figure>\n<\/div>\n\n\n\n<div class=\"wp-block-column is-layout-flow wp-block-column-is-layout-flow\">\n<h2 class=\"wp-block-heading\">VARATTU LINJA<\/h2>\n\n\n\n<p>Musiikkigenre: Rock<\/p>\n\n\n\n<p><a href=\"https:\/\/toneclef.com\/varattu-linja\">Nettisivut<\/a><br><a href=\"https:\/\/www.facebook.com\/profile.php?id=61550847309881\">Facebook<\/a><br><a href=\"https:\/\/www.instagram.com\/varattulinja\">Instragram<\/a><br><a href=\"https:\/\/www.youtube.com\/@varattulinja\" target=\"_blank\" rel=\"noreferrer noopener\">Youtube<\/a><br><a href=\"https:\/\/open.spotify.com\/artist\/20nmhHkQE98tjDpCstrdaW?si=dFTzaGmIRLiKf6wJwoMJsQ\">Spotify<\/a><br><br>Varattu Linja on vuonna 2023 perustettu tukevasti suomirokin kivijalkaan omintakeisella otteellaan nojaava rockyhtye. Laulaja-kitaristi Petterin halvan lagerin ja savukkeiden katkuiset lyriikat viev\u00e4t kuulijan aina karaokebaarin nurkkap\u00f6yd\u00e4st\u00e4 laitakaupungin katuja pitkin koirapuistoon, samalla kun rytmiryhm\u00e4n basisti Niklas ja rumpali Jame jyr\u00e4\u00e4v\u00e4t metronomin tarkkuudella ja kitaristi Lassi murjoo s\u00e4r\u00f6kitaralla soundin uusiin sf\u00e4\u00e4reihin. Varatun Linjan energiset keikat ja musiikin melodiset koukut ovat valloittaneet yleis\u00f6\u00e4 toistuvasti ja alkuvuodesta 2026 b\u00e4ndi on julkaissut hyv\u00e4\u00e4 musiikkia arvostavien ihmisten kuuloelimi\u00e4 hivelev\u00e4t debyyttikappaleensa.<\/p>\n<\/div>\n<\/div>\n\n\n\n<div class=\"wp-block-columns is-layout-flex wp-container-core-columns-is-layout-9d6595d7 wp-block-columns-is-layout-flex\">\n<div class=\"wp-block-column is-layout-flow wp-block-column-is-layout-flow\">\n<figure class=\"wp-block-image size-large\"><img loading=\"lazy\" decoding=\"async\" width=\"819\" height=\"1024\" src=\"https:\/\/kulttuurigoesbaari.fi\/wp-content\/uploads\/2026\/02\/2026_blind-blonde-bad-looking-boys-819x1024.jpg\" alt=\"\" class=\"wp-image-1265\" srcset=\"https:\/\/kulttuurigoesbaari.fi\/wp-content\/uploads\/2026\/02\/2026_blind-blonde-bad-looking-boys-819x1024.jpg 819w, https:\/\/kulttuurigoesbaari.fi\/wp-content\/uploads\/2026\/02\/2026_blind-blonde-bad-looking-boys-240x300.jpg 240w, https:\/\/kulttuurigoesbaari.fi\/wp-content\/uploads\/2026\/02\/2026_blind-blonde-bad-looking-boys-768x960.jpg 768w, https:\/\/kulttuurigoesbaari.fi\/wp-content\/uploads\/2026\/02\/2026_blind-blonde-bad-looking-boys.jpg 1080w\" sizes=\"auto, (max-width: 819px) 100vw, 819px\" \/><\/figure>\n<\/div>\n\n\n\n<div class=\"wp-block-column is-layout-flow wp-block-column-is-layout-flow\">\n<h2 class=\"wp-block-heading\">BLIND BLONDE &amp; BAD LOOKING BOYS<\/h2>\n\n\n\n<p>Musiikkigenre: Blues, Bluesrock<br><br><a href=\"https:\/\/blindblondeandboys.fi\/\" target=\"_blank\" rel=\"noreferrer noopener\">Nettisivut<\/a><br><a href=\"https:\/\/www.facebook.com\/blindblondeandboys\" target=\"_blank\" rel=\"noreferrer noopener\">Facebook<\/a><br><a href=\"https:\/\/www.youtube.com\/watch?v=bbqW4f0ptRc\">Youtube<\/a><br><br>Blind Blonde &amp; Bad Looking Boys on 2000-luvun hyvink\u00e4\u00e4l\u00e4isen bluesin uranuurtaja. B\u00e4ndi on perustettu vuonna 2009 ja on ollut mukana kaikissa KGB tapahtumissa, lukuun ottamatta ensimm\u00e4ist\u00e4 vuoden 2010 tapahtumaa. Blind Blonde &amp; Bad Looking Boys soittaa s\u00e4hk\u00f6isi\u00e4 blues- ja rock\u00b4n bluescovereita eri vuosikymmenilt\u00e4. Ohjelmistoon mahtuu kyll\u00e4 muutakin kuin perusbluesia.<br>Tulkaa kuuntelemaan!<br><br>B\u00e4ndin kokoonpano:<br>Pirjo Heikkil\u00e4 &#8211; laulu<br>Mikko Heikkil\u00e4 \u2013 kitara<br>Olli-Pekka Pitk\u00e4nen \u2013 koskettimet<br>Hannu Heikkil\u00e4 \u2013 basso<br>Markku Soidinsalo \u2013 rummut<\/p>\n<\/div>\n<\/div>\n\n\n\n<div class=\"wp-block-columns is-layout-flex wp-container-core-columns-is-layout-9d6595d7 wp-block-columns-is-layout-flex\">\n<div class=\"wp-block-column is-layout-flow wp-block-column-is-layout-flow\">\n<figure class=\"wp-block-image size-large\"><img loading=\"lazy\" decoding=\"async\" width=\"819\" height=\"1024\" src=\"https:\/\/kulttuurigoesbaari.fi\/wp-content\/uploads\/2026\/02\/2026_lauluyhtye-aikamatka-819x1024.jpg\" alt=\"\" class=\"wp-image-1266\" srcset=\"https:\/\/kulttuurigoesbaari.fi\/wp-content\/uploads\/2026\/02\/2026_lauluyhtye-aikamatka-819x1024.jpg 819w, https:\/\/kulttuurigoesbaari.fi\/wp-content\/uploads\/2026\/02\/2026_lauluyhtye-aikamatka-240x300.jpg 240w, https:\/\/kulttuurigoesbaari.fi\/wp-content\/uploads\/2026\/02\/2026_lauluyhtye-aikamatka-768x960.jpg 768w, https:\/\/kulttuurigoesbaari.fi\/wp-content\/uploads\/2026\/02\/2026_lauluyhtye-aikamatka.jpg 1080w\" sizes=\"auto, (max-width: 819px) 100vw, 819px\" \/><\/figure>\n<\/div>\n\n\n\n<div class=\"wp-block-column is-layout-flow wp-block-column-is-layout-flow\">\n<h2 class=\"wp-block-heading\">LAULUYHTYE AIKAMATKA<\/h2>\n\n\n\n<p>Musiikkigenre: Iskelm\u00e4,Rock&#8217;n&#8217;Roll,tanssimusiikki 1950-80-luku<\/p>\n\n\n\n<p><a href=\"https:\/\/aikamatka.weebly.com\/\">Nettisivut<\/a><br><a href=\"https:\/\/www.facebook.com\/lauluyhtyeaikamatka\" target=\"_blank\" rel=\"noreferrer noopener\">Facebook<\/a><br><a href=\"https:\/\/www.youtube.com\/channel\/UC-iOGxh9str2RVnr7rpJzcw\" target=\"_blank\" rel=\"noreferrer noopener\">Youtube<\/a><br><a href=\"https:\/\/open.spotify.com\/artist\/01cp4iGVzo7dJa72rIxnqN?si=gBqr8Kc3Quy0yGIQa7jgrw\" target=\"_blank\" rel=\"noreferrer noopener\">Spotify<\/a><br><br>Lauluyhtye Aikamatka on vuonna 2019 perustettu laulu- ja soitinyhtye Hyvink\u00e4\u00e4lt\u00e4. Esit\u00e4mme 1950-80-luvun iskelm\u00e4-, tanssi- ja rock\u2019n\u2019roll- ja populaarimusiikkia sek\u00e4 uudempia hittej\u00e4 sovitettuna vanhaan tyyliin.<\/p>\n<\/div>\n<\/div>\n\n\n\n<div class=\"wp-block-columns is-layout-flex wp-container-core-columns-is-layout-9d6595d7 wp-block-columns-is-layout-flex\">\n<div class=\"wp-block-column is-layout-flow wp-block-column-is-layout-flow\">\n<figure class=\"wp-block-image size-large\"><img loading=\"lazy\" decoding=\"async\" width=\"819\" height=\"1024\" src=\"https:\/\/kulttuurigoesbaari.fi\/wp-content\/uploads\/2026\/02\/2026_old-cocks-819x1024.jpg\" alt=\"\" class=\"wp-image-1267\" srcset=\"https:\/\/kulttuurigoesbaari.fi\/wp-content\/uploads\/2026\/02\/2026_old-cocks-819x1024.jpg 819w, https:\/\/kulttuurigoesbaari.fi\/wp-content\/uploads\/2026\/02\/2026_old-cocks-240x300.jpg 240w, https:\/\/kulttuurigoesbaari.fi\/wp-content\/uploads\/2026\/02\/2026_old-cocks-768x960.jpg 768w, https:\/\/kulttuurigoesbaari.fi\/wp-content\/uploads\/2026\/02\/2026_old-cocks.jpg 1080w\" sizes=\"auto, (max-width: 819px) 100vw, 819px\" \/><\/figure>\n<\/div>\n\n\n\n<div class=\"wp-block-column is-layout-flow wp-block-column-is-layout-flow\">\n<h2 class=\"wp-block-heading\">OLD COCKS<\/h2>\n\n\n\n<p>Musiikkigenre: Rock &amp; blues<\/p>\n\n\n\n<p><a href=\"https:\/\/www.facebook.com\/profile.php?id=61586866172903\" target=\"_blank\" rel=\"noreferrer noopener\">Facebook<\/a><br><a href=\"https:\/\/youtu.be\/pltfqCY0AE8\" target=\"_blank\" rel=\"noreferrer noopener\">Youtube<\/a><br><br>Old school rock &amp; blues cover b\u00e4ndi L\u00e4nsi-Uudeltamaalta. Pitk\u00e4n soittotaustan omaavat soittajat j\u00e4lleen yhdess\u00e4 uudella kokoonpanolla. Energist\u00e4 rockia, tiukkoja riffej\u00e4, tarttuvia biisej\u00e4 ja asennetta suoraan syd\u00e4mest\u00e4.<\/p>\n\n\n\n<p>Jari Hyyti\u00e4inen &#8211; rummut,laulu<br>Juha-Pekka Olli &#8211; basso,laulu<br>Hans Koistinen &#8211; kitara,taustalaulu<br>Kalle Kuusim\u00e4ki &#8211; kitara,taustalaulu<\/p>\n<\/div>\n<\/div>\n\n\n\n<div class=\"wp-block-columns is-layout-flex wp-container-core-columns-is-layout-9d6595d7 wp-block-columns-is-layout-flex\">\n<div class=\"wp-block-column is-layout-flow wp-block-column-is-layout-flow\"><\/div>\n<\/div>\n","protected":false},"excerpt":{"rendered":"<div class=\"mh-excerpt\"><p>L\u00e4hiravintola Hyvink\u00e4\u00e4ll\u00e4, jossa lauletaan karaokea joka lauantai. https:\/\/www.facebook.com\/HaarikkaHyvinkaa P&amp;P&amp;T Musiikkigenre: pop\/rock\/R&amp;B\/soul Facebook &#8221;P&amp;P&amp;T eli Pitk\u00e4nen &amp; pojat &amp; tyt\u00e4r on perheb\u00e4ndi, jossa mukana ovat is\u00e4 <a class=\"mh-excerpt-more\" href=\"https:\/\/kulttuurigoesbaari.fi\/?page_id=934\" title=\"Esiintyj\u00e4t 2026 &#8211; Haarikka\">[&#8230;]<\/a><\/p>\n<\/div>","protected":false},"author":3,"featured_media":0,"parent":866,"menu_order":0,"comment_status":"closed","ping_status":"closed","template":"","meta":{"footnotes":""},"class_list":["post-934","page","type-page","status-publish","hentry"],"_links":{"self":[{"href":"https:\/\/kulttuurigoesbaari.fi\/index.php?rest_route=\/wp\/v2\/pages\/934","targetHints":{"allow":["GET"]}}],"collection":[{"href":"https:\/\/kulttuurigoesbaari.fi\/index.php?rest_route=\/wp\/v2\/pages"}],"about":[{"href":"https:\/\/kulttuurigoesbaari.fi\/index.php?rest_route=\/wp\/v2\/types\/page"}],"author":[{"embeddable":true,"href":"https:\/\/kulttuurigoesbaari.fi\/index.php?rest_route=\/wp\/v2\/users\/3"}],"replies":[{"embeddable":true,"href":"https:\/\/kulttuurigoesbaari.fi\/index.php?rest_route=%2Fwp%2Fv2%2Fcomments&post=934"}],"version-history":[{"count":7,"href":"https:\/\/kulttuurigoesbaari.fi\/index.php?rest_route=\/wp\/v2\/pages\/934\/revisions"}],"predecessor-version":[{"id":1268,"href":"https:\/\/kulttuurigoesbaari.fi\/index.php?rest_route=\/wp\/v2\/pages\/934\/revisions\/1268"}],"up":[{"embeddable":true,"href":"https:\/\/kulttuurigoesbaari.fi\/index.php?rest_route=\/wp\/v2\/pages\/866"}],"wp:attachment":[{"href":"https:\/\/kulttuurigoesbaari.fi\/index.php?rest_route=%2Fwp%2Fv2%2Fmedia&parent=934"}],"curies":[{"name":"wp","href":"https:\/\/api.w.org\/{rel}","templated":true}]}}