{"id":902,"date":"2025-03-16T19:28:51","date_gmt":"2025-03-16T17:28:51","guid":{"rendered":"https:\/\/kulttuurigoesbaari.fi\/?page_id=902"},"modified":"2026-03-14T13:08:48","modified_gmt":"2026-03-14T11:08:48","slug":"esiintyjat-2026-baana-pub","status":"publish","type":"page","link":"https:\/\/kulttuurigoesbaari.fi\/?page_id=902","title":{"rendered":"Esiintyj\u00e4t 2026 &#8211; Baanan yl\u00e4kerta"},"content":{"rendered":"\n<p>Rennossa baarissa viihtyv\u00e4t niin paikalliset kuin hotellin vieraat. Hyv\u00e4n tunnelman ja juoman lis\u00e4ksi meill\u00e4 voit pelata useita lautapelej\u00e4 ja laulaa karaokea viikonloppuisin. Kes\u00e4ll\u00e4 k\u00e4yt\u00f6ss\u00e4si on lis\u00e4ksi 100-paikkaisen terassi.<\/p>\n\n\n\n<p><a href=\"https:\/\/www.scandichotels.fi\/hotellit\/suomi\/hyvinkaa\/scandic-hyvinkaa\/ravintola-ja-baari\/baana\u2060\">https:\/\/www.scandichotels.fi\/hotellit\/suomi\/hyvinkaa\/scandic-hyvinkaa\/ravintola-ja-baari\/baana\u2060<\/a><\/p>\n\n\n\n<div class=\"wp-block-columns is-layout-flex wp-container-core-columns-is-layout-9d6595d7 wp-block-columns-is-layout-flex\">\n<div class=\"wp-block-column is-layout-flow wp-block-column-is-layout-flow\">\n<figure class=\"wp-block-image size-large\"><img loading=\"lazy\" decoding=\"async\" width=\"819\" height=\"1024\" src=\"https:\/\/kulttuurigoesbaari.fi\/wp-content\/uploads\/2026\/02\/2026_tuntematon-819x1024.jpg\" alt=\"\" class=\"wp-image-1238\" srcset=\"https:\/\/kulttuurigoesbaari.fi\/wp-content\/uploads\/2026\/02\/2026_tuntematon-819x1024.jpg 819w, https:\/\/kulttuurigoesbaari.fi\/wp-content\/uploads\/2026\/02\/2026_tuntematon-240x300.jpg 240w, https:\/\/kulttuurigoesbaari.fi\/wp-content\/uploads\/2026\/02\/2026_tuntematon-768x960.jpg 768w, https:\/\/kulttuurigoesbaari.fi\/wp-content\/uploads\/2026\/02\/2026_tuntematon.jpg 1080w\" sizes=\"auto, (max-width: 819px) 100vw, 819px\" \/><\/figure>\n<\/div>\n\n\n\n<div class=\"wp-block-column is-layout-flow wp-block-column-is-layout-flow\">\n<h2 class=\"wp-block-heading\">TUNTEMATON<\/h2>\n\n\n\n<p>Musiikkigenre: Akustinen suomirock<\/p>\n\n\n\n<p><a href=\"https:\/\/www.facebook.com\/share\/1K5iVzTwcZ\/\">Facebook<\/a><br><a href=\"https:\/\/www.instagram.com\/tntmtn\">Instagram<\/a><br><a href=\"https:\/\/youtube.com\/@tuntematonorkesteri?si=ohHXezhd7ADnYcih\">Youtube<\/a><br><a href=\"https:\/\/open.spotify.com\/album\/0uLPCZaPS3KGmQT5O1CtxO\">Spotify<\/a><br><br>Tuntematon on J\u00e4rvenp\u00e4\u00e4st\u00e4 ponnistava duo, joka soittaa monipuolista omatekoista suomirokkia. Saku Krooks &#8211; laulu, kitara ja huuliharppu, Jaan Lehti &#8211; cajon, harppu ja taustalaulu<\/p>\n<\/div>\n<\/div>\n\n\n\n<div class=\"wp-block-columns is-layout-flex wp-container-core-columns-is-layout-9d6595d7 wp-block-columns-is-layout-flex\">\n<div class=\"wp-block-column is-layout-flow wp-block-column-is-layout-flow\">\n<figure class=\"wp-block-image size-large\"><img loading=\"lazy\" decoding=\"async\" width=\"819\" height=\"1024\" src=\"https:\/\/kulttuurigoesbaari.fi\/wp-content\/uploads\/2026\/02\/2026_trubaduuri-tonis-noormets-819x1024.jpg\" alt=\"\" class=\"wp-image-1240\" srcset=\"https:\/\/kulttuurigoesbaari.fi\/wp-content\/uploads\/2026\/02\/2026_trubaduuri-tonis-noormets-819x1024.jpg 819w, https:\/\/kulttuurigoesbaari.fi\/wp-content\/uploads\/2026\/02\/2026_trubaduuri-tonis-noormets-240x300.jpg 240w, https:\/\/kulttuurigoesbaari.fi\/wp-content\/uploads\/2026\/02\/2026_trubaduuri-tonis-noormets-768x960.jpg 768w, https:\/\/kulttuurigoesbaari.fi\/wp-content\/uploads\/2026\/02\/2026_trubaduuri-tonis-noormets.jpg 1080w\" sizes=\"auto, (max-width: 819px) 100vw, 819px\" \/><\/figure>\n<\/div>\n\n\n\n<div class=\"wp-block-column is-layout-flow wp-block-column-is-layout-flow\">\n<h2 class=\"wp-block-heading\">TRUBADUURI T\u00f5NIS NOORMETS<\/h2>\n\n\n\n<p>Musiikkigenre: Pop\/rock<\/p>\n\n\n\n<p><a href=\"https:\/\/www.facebook.com\/profile.php?id=61576335084891\">Facebook<\/a><br><a href=\"https:\/\/www.instagram.com\/tonisnoormets\/\">Instragram<\/a><br><a href=\"https:\/\/www.youtube.com\/watch?v=rrWU5sqUlcM\" target=\"_blank\" rel=\"noreferrer noopener\">Youtube<\/a><br><br>Trubaduuri T\u00f5nis Noormets on laulaja-kitaristi. T\u00f5nis s\u00e4est\u00e4\u00e4 itse\u00e4\u00e4n kitaralla ja ukulelella sek\u00e4 k\u00e4ytt\u00e4\u00e4 monipuolisesti hy\u00f6dyksi loopperia ja efektej\u00e4. Ohjelmistosta l\u00f6ytyy suomen ja englannin kielist\u00e4 musiikkia popista rokkiin mm. Ed Sheerania, Dingoa, Michael Jacksonia, Tuure Kilpel\u00e4ist\u00e4.<\/p>\n<\/div>\n<\/div>\n\n\n\n<div class=\"wp-block-columns is-layout-flex wp-container-core-columns-is-layout-9d6595d7 wp-block-columns-is-layout-flex\">\n<div class=\"wp-block-column is-layout-flow wp-block-column-is-layout-flow\">\n<figure class=\"wp-block-image size-large\"><img loading=\"lazy\" decoding=\"async\" width=\"819\" height=\"1024\" src=\"https:\/\/kulttuurigoesbaari.fi\/wp-content\/uploads\/2026\/02\/2026_eliitti-819x1024.jpg\" alt=\"\" class=\"wp-image-1242\" srcset=\"https:\/\/kulttuurigoesbaari.fi\/wp-content\/uploads\/2026\/02\/2026_eliitti-819x1024.jpg 819w, https:\/\/kulttuurigoesbaari.fi\/wp-content\/uploads\/2026\/02\/2026_eliitti-240x300.jpg 240w, https:\/\/kulttuurigoesbaari.fi\/wp-content\/uploads\/2026\/02\/2026_eliitti-768x960.jpg 768w, https:\/\/kulttuurigoesbaari.fi\/wp-content\/uploads\/2026\/02\/2026_eliitti.jpg 1080w\" sizes=\"auto, (max-width: 819px) 100vw, 819px\" \/><\/figure>\n<\/div>\n\n\n\n<div class=\"wp-block-column is-layout-flow wp-block-column-is-layout-flow\">\n<h2 class=\"wp-block-heading\">ELIITTI<\/h2>\n\n\n\n<p>Musiikkigenre: Rap\/Kantri<\/p>\n\n\n\n<p><a href=\"http:\/\/www.eliittirap.fi\" target=\"_blank\" rel=\"noreferrer noopener\">Nettisivut<\/a><br><a href=\"https:\/\/www.facebook.com\/share\/1C2kBASmVy\/?mibextid=wwXIfr\" target=\"_blank\" rel=\"noreferrer noopener\">Facebook<\/a><br><a href=\"https:\/\/www.instagram.com\/eliittirap\" target=\"_blank\" rel=\"noreferrer noopener\">Instragram<\/a><br><a href=\"https:\/\/youtube.com\/@eliittirap?si=0DmDbcsU-ElQBDeX\" target=\"_blank\" rel=\"noreferrer noopener\">Youtube<\/a><br><a href=\"https:\/\/open.spotify.com\/artist\/0kT1ofXNpqWX1nijHR9fFg?si=LmOD9NEkRkGROfgAnfy2jw\" target=\"_blank\" rel=\"noreferrer noopener\">Spotify<\/a><br><br>Eliitti on suomalainen rap-artisti, joka on julkaissut urallaan yhden albumin (Syd\u00e4mi\u00e4 &amp; Viiltoja) ja EP:n (Vuodet Kuluu). Artisti julkaisee t\u00e4n\u00e4 vuonna 10 vuoden uransa kunniaksi juhla-albumin, josta on julkaistu sinkut Tien P\u00e4\u00e4l ja Lootusasentoon.<\/p>\n\n\n\n<p>Eliitti on huomioitu kotimaisissa musiikki- ja viihdeohjelmissa, joka kuvastaa hyvin artistin ulosp\u00e4in suuntautunutta luonnetta. Vuonna 2022 h\u00e4n mm. osallistui legendaariseen Syksyn S\u00e4vel -kilpailuun kappaleella Enemm\u00e4n. Kilpailun tuomaristo kehui nuoren artistin rohkeaa esiintymist\u00e4 ja kuvaili h\u00e4nt\u00e4 unelmav\u00e4vyksi.<\/p>\n\n\n\n<p>Tyylikk\u00e4\u00e4n\u00e4 ja itsevarmana esiintyj\u00e4n\u00e4 pidetty Eliitti viihdytt\u00e4\u00e4 t\u00e4t\u00e4 nyky\u00e4 yleis\u00f6\u00e4\u00e4n Vangitut -yhtyeen kanssa, johon kuuluu artistin lis\u00e4ksi tuplaaja, basisti, DJ, rumpali ja kitaristi. Uudistetun livekokoonpanon energiaa ja jo kymmenen vuotta keikkailleen artistin esiintymist\u00e4 voikin kuvailla edistykselliseksi.<br><\/p>\n<\/div>\n<\/div>\n\n\n\n<div class=\"wp-block-columns is-layout-flex wp-container-core-columns-is-layout-9d6595d7 wp-block-columns-is-layout-flex\">\n<div class=\"wp-block-column is-layout-flow wp-block-column-is-layout-flow\">\n<figure class=\"wp-block-image size-large\"><img loading=\"lazy\" decoding=\"async\" width=\"819\" height=\"1024\" src=\"https:\/\/kulttuurigoesbaari.fi\/wp-content\/uploads\/2026\/03\/2026_ben-liljefors-819x1024.jpg\" alt=\"\" class=\"wp-image-1345\" srcset=\"https:\/\/kulttuurigoesbaari.fi\/wp-content\/uploads\/2026\/03\/2026_ben-liljefors-819x1024.jpg 819w, https:\/\/kulttuurigoesbaari.fi\/wp-content\/uploads\/2026\/03\/2026_ben-liljefors-240x300.jpg 240w, https:\/\/kulttuurigoesbaari.fi\/wp-content\/uploads\/2026\/03\/2026_ben-liljefors-768x960.jpg 768w, https:\/\/kulttuurigoesbaari.fi\/wp-content\/uploads\/2026\/03\/2026_ben-liljefors.jpg 1080w\" sizes=\"auto, (max-width: 819px) 100vw, 819px\" \/><\/figure>\n<\/div>\n\n\n\n<div class=\"wp-block-column is-layout-flow wp-block-column-is-layout-flow\">\n<h2 class=\"wp-block-heading\">BEN LILJEFORS<\/h2>\n\n\n\n<p>Musiikkigenre: Pop\/Rock<\/p>\n\n\n\n<p><a href=\"https:\/\/www.instagram.com\/troubadour_benliljefors\/\" target=\"_blank\" rel=\"noreferrer noopener\">Instragram<\/a><br><a href=\"https:\/\/www.youtube.com\/@troubadour_benliljefors\" target=\"_blank\" rel=\"noreferrer noopener\">Youtube<\/a><br><br>Olen Ben Liljefors, rouhean rokahtava trubaduuri Hyvink\u00e4\u00e4lt\u00e4. Monipuolinen pop- ja rock-ohjelmistoni tuo mukanaan energiaa, nostalgiaa ja ripayksen herkkyytt\u00e4. Luvassa on menevi\u00e4 klassikoita ja koskettavia balladeja &#8211; jotain jokaiselle kuulijalle. Tule nauttimaan hyv\u00e4st\u00e4 musiikista ja rennosta tunnelmasta!<br><\/p>\n<\/div>\n<\/div>\n\n\n\n<div class=\"wp-block-columns is-layout-flex wp-container-core-columns-is-layout-9d6595d7 wp-block-columns-is-layout-flex\">\n<div class=\"wp-block-column is-layout-flow wp-block-column-is-layout-flow\">\n<figure class=\"wp-block-image size-large\"><img loading=\"lazy\" decoding=\"async\" width=\"819\" height=\"1024\" src=\"https:\/\/kulttuurigoesbaari.fi\/wp-content\/uploads\/2026\/02\/2026_bad-habit-819x1024.jpg\" alt=\"\" class=\"wp-image-1243\" srcset=\"https:\/\/kulttuurigoesbaari.fi\/wp-content\/uploads\/2026\/02\/2026_bad-habit-819x1024.jpg 819w, https:\/\/kulttuurigoesbaari.fi\/wp-content\/uploads\/2026\/02\/2026_bad-habit-240x300.jpg 240w, https:\/\/kulttuurigoesbaari.fi\/wp-content\/uploads\/2026\/02\/2026_bad-habit-768x960.jpg 768w, https:\/\/kulttuurigoesbaari.fi\/wp-content\/uploads\/2026\/02\/2026_bad-habit.jpg 1080w\" sizes=\"auto, (max-width: 819px) 100vw, 819px\" \/><\/figure>\n<\/div>\n\n\n\n<div class=\"wp-block-column is-layout-flow wp-block-column-is-layout-flow\">\n<h2 class=\"wp-block-heading\">BAD HABIT<\/h2>\n\n\n\n<p>Musiikkigenre: Rock<\/p>\n\n\n\n<p><a href=\"https:\/\/www.instagram.com\/badhabit.band\/\" target=\"_blank\" rel=\"noreferrer noopener\">Instagram<\/a><\/p>\n\n\n\n<p>Bad Habit is a rock band with a lineup of seasoned musicians, bringing an electrifying sound that makes you want to rock out while wondering if you should go to bed early.<br><\/p>\n<\/div>\n<\/div>\n\n\n\n<div class=\"wp-block-columns is-layout-flex wp-container-core-columns-is-layout-9d6595d7 wp-block-columns-is-layout-flex\">\n<div class=\"wp-block-column is-layout-flow wp-block-column-is-layout-flow\">\n<figure class=\"wp-block-image size-large\"><img loading=\"lazy\" decoding=\"async\" width=\"819\" height=\"1024\" src=\"https:\/\/kulttuurigoesbaari.fi\/wp-content\/uploads\/2026\/02\/2026_cover-factory-819x1024.jpg\" alt=\"\" class=\"wp-image-1244\" srcset=\"https:\/\/kulttuurigoesbaari.fi\/wp-content\/uploads\/2026\/02\/2026_cover-factory-819x1024.jpg 819w, https:\/\/kulttuurigoesbaari.fi\/wp-content\/uploads\/2026\/02\/2026_cover-factory-240x300.jpg 240w, https:\/\/kulttuurigoesbaari.fi\/wp-content\/uploads\/2026\/02\/2026_cover-factory-768x960.jpg 768w, https:\/\/kulttuurigoesbaari.fi\/wp-content\/uploads\/2026\/02\/2026_cover-factory.jpg 1080w\" sizes=\"auto, (max-width: 819px) 100vw, 819px\" \/><\/figure>\n<\/div>\n\n\n\n<div class=\"wp-block-column is-layout-flow wp-block-column-is-layout-flow\">\n<h2 class=\"wp-block-heading\">COVER FACTORY<\/h2>\n\n\n\n<p>Musiikkigenre: rock, classic rock, hard rock, suomi-rock, blues, rhythm &amp; blues, funk<br><br><a href=\"https:\/\/www.facebook.com\/coverfactoryband\" target=\"_blank\" rel=\"noreferrer noopener\">Facebook<\/a><br><a href=\"https:\/\/youtu.be\/bAaD3O8WabE?si=dYRdX6FGX6jzzOfB\" target=\"_blank\" rel=\"noreferrer noopener\">Youtube<\/a><br><br>Cover Factory on jo paikkansa vakiinnuttanut, Hyvink\u00e4\u00e4ll\u00e4 l\u00e4hes 15 vuotta sitten perustettu kokoonpano. B\u00e4ndi soittaa juurevaa ja tanssittavaa musiikkia aikuiseen makuun. Tyyli pohjautuu tunnettuun rockiin, bluesiin ja poppiin, rouheilla soundeilla maustettuna. Keikkakokemusta l\u00f6ytyy runsaasti baareista, yksityistilaisuuksista ja pienist\u00e4 festareista, ja tottakai my\u00f6s KGB:st\u00e4 useiden vuosien ajalta. Setit koostetaan suosituista biiseist\u00e4 ja genreist\u00e4 kuten classic rock, hard rock, blues, rhythm and blues ja suomi-rock.<\/p>\n\n\n\n<p>Kokoonpano:<br>Leo Ij\u00e4s, kitara<br>Aleksi J\u00e4rvel\u00e4, laulu ja kitara<br>Miikka Kemppainen, rummut<br>Pekka Vulli, basso ja laulu<br><\/p>\n<\/div>\n<\/div>\n","protected":false},"excerpt":{"rendered":"<div class=\"mh-excerpt\"><p>Rennossa baarissa viihtyv\u00e4t niin paikalliset kuin hotellin vieraat. Hyv\u00e4n tunnelman ja juoman lis\u00e4ksi meill\u00e4 voit pelata useita lautapelej\u00e4 ja laulaa karaokea viikonloppuisin. Kes\u00e4ll\u00e4 k\u00e4yt\u00f6ss\u00e4si on <a class=\"mh-excerpt-more\" href=\"https:\/\/kulttuurigoesbaari.fi\/?page_id=902\" title=\"Esiintyj\u00e4t 2026 &#8211; Baanan yl\u00e4kerta\">[&#8230;]<\/a><\/p>\n<\/div>","protected":false},"author":3,"featured_media":0,"parent":866,"menu_order":0,"comment_status":"closed","ping_status":"closed","template":"","meta":{"footnotes":""},"class_list":["post-902","page","type-page","status-publish","hentry"],"_links":{"self":[{"href":"https:\/\/kulttuurigoesbaari.fi\/index.php?rest_route=\/wp\/v2\/pages\/902","targetHints":{"allow":["GET"]}}],"collection":[{"href":"https:\/\/kulttuurigoesbaari.fi\/index.php?rest_route=\/wp\/v2\/pages"}],"about":[{"href":"https:\/\/kulttuurigoesbaari.fi\/index.php?rest_route=\/wp\/v2\/types\/page"}],"author":[{"embeddable":true,"href":"https:\/\/kulttuurigoesbaari.fi\/index.php?rest_route=\/wp\/v2\/users\/3"}],"replies":[{"embeddable":true,"href":"https:\/\/kulttuurigoesbaari.fi\/index.php?rest_route=%2Fwp%2Fv2%2Fcomments&post=902"}],"version-history":[{"count":16,"href":"https:\/\/kulttuurigoesbaari.fi\/index.php?rest_route=\/wp\/v2\/pages\/902\/revisions"}],"predecessor-version":[{"id":1347,"href":"https:\/\/kulttuurigoesbaari.fi\/index.php?rest_route=\/wp\/v2\/pages\/902\/revisions\/1347"}],"up":[{"embeddable":true,"href":"https:\/\/kulttuurigoesbaari.fi\/index.php?rest_route=\/wp\/v2\/pages\/866"}],"wp:attachment":[{"href":"https:\/\/kulttuurigoesbaari.fi\/index.php?rest_route=%2Fwp%2Fv2%2Fmedia&parent=902"}],"curies":[{"name":"wp","href":"https:\/\/api.w.org\/{rel}","templated":true}]}}