{"id":447,"date":"2026-02-15T11:58:29","date_gmt":"2026-02-15T09:58:29","guid":{"rendered":"https:\/\/kulttuurigoesbaari.fi\/?page_id=447"},"modified":"2026-02-24T17:24:06","modified_gmt":"2026-02-24T15:24:06","slug":"kgb-2022-ilmoittautumislomake","status":"publish","type":"page","link":"https:\/\/kulttuurigoesbaari.fi\/?page_id=447","title":{"rendered":"Kulttuuri Goes Baari 2026 &#8211; Ilmoittautumislomake"},"content":{"rendered":"\n<div class=\"wp-block-contact-form-7-contact-form-selector\">\n<div class=\"wpcf7 no-js\" id=\"wpcf7-f779-o1\" lang=\"fi\" dir=\"ltr\" data-wpcf7-id=\"779\">\n<div class=\"screen-reader-response\"><p role=\"status\" aria-live=\"polite\" aria-atomic=\"true\"><\/p> <ul><\/ul><\/div>\n<form action=\"\/index.php?rest_route=%2Fwp%2Fv2%2Fpages%2F447#wpcf7-f779-o1\" method=\"post\" class=\"wpcf7-form init\" aria-label=\"Yhteydenottolomake\" enctype=\"multipart\/form-data\" novalidate=\"novalidate\" data-status=\"init\">\n<fieldset class=\"hidden-fields-container\"><input type=\"hidden\" name=\"_wpcf7\" value=\"779\" \/><input type=\"hidden\" name=\"_wpcf7_version\" value=\"6.1.5\" \/><input type=\"hidden\" name=\"_wpcf7_locale\" value=\"fi\" \/><input type=\"hidden\" name=\"_wpcf7_unit_tag\" value=\"wpcf7-f779-o1\" \/><input type=\"hidden\" name=\"_wpcf7_container_post\" value=\"0\" \/><input type=\"hidden\" name=\"_wpcf7_posted_data_hash\" value=\"\" \/>\n<\/fieldset>\n<p><label> <b> Ilmoittautumislomake on auki su 15.2. klo 12-22. Suurin osa ilmoittautujista otetaan esiintym\u00e4\u00e4n ilmoittautumisj\u00e4rjestyksess\u00e4, mutta osan valitsee HYVELY Ry. Muutamia b\u00e4ndej\u00e4 otetaan my\u00f6s varasijalle. Valituille esiintyjille sek\u00e4 varasijalla oleville esiintyjille ilmoitetaan valituksi tulosta s\u00e4hk\u00f6postitse. <\/b> <\/label>\n<\/p>\n<p><label> <b> My\u00f6s is\u00e4nt\u00e4b\u00e4ndit t\u00e4ytt\u00e4v\u00e4t t\u00e4m\u00e4n lomakkeen, vaikka heid\u00e4n osallistumisensa on jo varma, jotta j\u00e4rjest\u00e4j\u00e4 saa tarvittavat tiedot. Muutoksia annettuihin tietoihin tehd\u00e4\u00e4n vain erityisen hyvin perustellusta syyst\u00e4, kuten henkil\u00f6vaihdoksien vuoksi. KAIKKI yhteydenotot tapahtumaan liittyen osoitteeseen info@hyvely.fi<\/b> <\/label>\n<\/p>\n<p><label> <b> T\u00e4yt\u00e4th\u00e4n lomakkeen kokonaan. <\/b> <\/label>\n<\/p>\n<p><label> Esiintyj\u00e4n\/b\u00e4ndin nimi<br \/>\n<span class=\"wpcf7-form-control-wrap\" data-name=\"your-subject\"><input size=\"40\" maxlength=\"400\" class=\"wpcf7-form-control wpcf7-text wpcf7-validates-as-required\" aria-required=\"true\" aria-invalid=\"false\" value=\"\" type=\"text\" name=\"your-subject\" \/><\/span> <\/label>\n<\/p>\n<p><label> Esiintyjien lukum\u00e4\u00e4r\u00e4<br \/>\n<span class=\"wpcf7-form-control-wrap\" data-name=\"number-822\"><input class=\"wpcf7-form-control wpcf7-number wpcf7-validates-as-number\" aria-invalid=\"false\" value=\"\" type=\"number\" name=\"number-822\" \/><\/span> <\/label>\n<\/p>\n<p><label> Musiikkigenre tai kulttuurin toimiala<br \/>\n<span class=\"wpcf7-form-control-wrap\" data-name=\"your-genre\"><input size=\"40\" maxlength=\"400\" class=\"wpcf7-form-control wpcf7-text wpcf7-validates-as-required\" aria-required=\"true\" aria-invalid=\"false\" value=\"\" type=\"text\" name=\"your-genre\" \/><\/span> <\/label>\n<\/p>\n<p><label> Esiintyj\u00e4n nettisivut<br \/>\n<span class=\"wpcf7-form-control-wrap\" data-name=\"url-372\"><input size=\"40\" maxlength=\"400\" class=\"wpcf7-form-control wpcf7-url wpcf7-text wpcf7-validates-as-url\" aria-invalid=\"false\" value=\"\" type=\"url\" name=\"url-372\" \/><\/span> <\/label>\n<\/p>\n<p><label> Esiintyj\u00e4n Facebook-sivut<br \/>\n<span class=\"wpcf7-form-control-wrap\" data-name=\"url-fb\"><input size=\"40\" maxlength=\"400\" class=\"wpcf7-form-control wpcf7-url wpcf7-text wpcf7-validates-as-url\" aria-invalid=\"false\" value=\"\" type=\"url\" name=\"url-fb\" \/><\/span> <\/label>\n<\/p>\n<p><label> Esiintyj\u00e4n Instagram-tili<br \/>\n<span class=\"wpcf7-form-control-wrap\" data-name=\"url-ig\"><input size=\"40\" maxlength=\"400\" class=\"wpcf7-form-control wpcf7-url wpcf7-text wpcf7-validates-as-url\" aria-invalid=\"false\" value=\"\" type=\"url\" name=\"url-ig\" \/><\/span> <\/label>\n<\/p>\n<p><label> Esiintyj\u00e4n Youtube-tili<br \/>\n<span class=\"wpcf7-form-control-wrap\" data-name=\"url-yt\"><input size=\"40\" maxlength=\"400\" class=\"wpcf7-form-control wpcf7-url wpcf7-text wpcf7-validates-as-url\" aria-invalid=\"false\" value=\"\" type=\"url\" name=\"url-yt\" \/><\/span> <\/label>\n<\/p>\n<p><label> Esiintyj\u00e4n Spotify tai muu vastaava tili<br \/>\n<span class=\"wpcf7-form-control-wrap\" data-name=\"url-spo\"><input size=\"40\" maxlength=\"400\" class=\"wpcf7-form-control wpcf7-url wpcf7-text wpcf7-validates-as-url\" aria-invalid=\"false\" value=\"\" type=\"url\" name=\"url-spo\" \/><\/span> <\/label>\n<\/p>\n<p><label> Yhteyshenkil\u00f6n nimi<br \/>\n<span class=\"wpcf7-form-control-wrap\" data-name=\"your-name\"><input size=\"40\" maxlength=\"400\" class=\"wpcf7-form-control wpcf7-text wpcf7-validates-as-required\" aria-required=\"true\" aria-invalid=\"false\" value=\"\" type=\"text\" name=\"your-name\" \/><\/span> <\/label>\n<\/p>\n<p><label> Yhteyshenkil\u00f6n s\u00e4hk\u00f6posti<br \/>\n<span class=\"wpcf7-form-control-wrap\" data-name=\"your-email\"><input size=\"40\" maxlength=\"400\" class=\"wpcf7-form-control wpcf7-email wpcf7-validates-as-required wpcf7-text wpcf7-validates-as-email\" aria-required=\"true\" aria-invalid=\"false\" value=\"\" type=\"email\" name=\"your-email\" \/><\/span> <\/label>\n<\/p>\n<p><label> Yhteyshenkil\u00f6n puhelinnumero<br \/>\n<span class=\"wpcf7-form-control-wrap\" data-name=\"tel-724\"><input size=\"40\" maxlength=\"400\" class=\"wpcf7-form-control wpcf7-tel wpcf7-validates-as-required wpcf7-text wpcf7-validates-as-tel\" aria-required=\"true\" aria-invalid=\"false\" value=\"\" type=\"tel\" name=\"tel-724\" \/><\/span> <\/label>\n<\/p>\n<p><label> Esiintyyk\u00f6 joku kokoonpanostanne toisessa Kulttuuri Goes Baarissa esiintyv\u00e4ss\u00e4 kokoonpanossa, miss\u00e4?<br \/>\n<span class=\"wpcf7-form-control-wrap\" data-name=\"other\"><input size=\"40\" maxlength=\"400\" class=\"wpcf7-form-control wpcf7-text\" aria-invalid=\"false\" value=\"\" type=\"text\" name=\"other\" \/><\/span> <\/label>\n<\/p>\n<p><label> Lyhyt & ytimek\u00e4s esittelyteksti (mieti mit\u00e4 yleis\u00f6 haluaisi tiet\u00e4\u00e4 teist\u00e4). T\u00e4t\u00e4 k\u00e4ytet\u00e4\u00e4n tapahtuman markkinoinnin esiintyj\u00e4esittelyss\u00e4.<br \/>\n<span class=\"wpcf7-form-control-wrap\" data-name=\"your-message\"><textarea cols=\"40\" rows=\"10\" maxlength=\"2000\" class=\"wpcf7-form-control wpcf7-textarea wpcf7-validates-as-required\" aria-required=\"true\" aria-invalid=\"false\" name=\"your-message\"><\/textarea><\/span> <\/label>\n<\/p>\n<p><label> Lataa kuva jota saa k\u00e4ytt\u00e4\u00e4 tapahtuman markkinoinnin esiintyj\u00e4esittelyss\u00e4 (voi olla my\u00f6s logo). Kuvaa voidaan muokata ja sen julkaisusta ei makseta palkkiota. Pienenn\u00e4 kuvakokoa, mik\u00e4li lataus ei onnistu. <b>Ilmoitathan esittelytekstiss\u00e4 mik\u00e4li ette k\u00e4yt\u00e4 kuvaa.<\/b><br \/>\n<span class=\"wpcf7-form-control-wrap\" data-name=\"Valokuva\"><input size=\"40\" class=\"wpcf7-form-control wpcf7-file\" accept=\".jpg,.png,.jpeg\" aria-invalid=\"false\" type=\"file\" name=\"Valokuva\" \/><\/span> <\/label>\n<\/p>\n<p><label> <b> L\u00e4hett\u00e4m\u00e4ll\u00e4 lomakkeen vahvistat, ett\u00e4 hyv\u00e4ksyt t\u00e4ss\u00e4 lomakkeessa ilmoitetut tapahtumaj\u00e4rjest\u00e4j\u00e4n ehdot. Esiintyjill\u00e4 t\u00e4ytyy olla 45 minuutin setti tapahtumaa varten eik\u00e4 esiintymisest\u00e4 makseta rahallista palkkiota. J\u00e4rjest\u00e4j\u00e4 k\u00e4ytt\u00e4\u00e4 annettuja tietoja tapahtuman j\u00e4rjest\u00e4miseen, yhteyshenkil\u00f6n yhteystietoja voidaan antaa is\u00e4nt\u00e4b\u00e4ndeille, esiintymispaikalle ja muille samassa paikassa esiintyville.<\/b> <\/label>\n<\/p>\n<p><label> <b> Tapahtumaj\u00e4rjest\u00e4j\u00e4 p\u00e4\u00e4tt\u00e4\u00e4 esiintymisaikataulut ja -paikat. Tieto valinnasta ja esiintymispaikasta ilmoitetaan yhteyshenkil\u00f6n antamaan s\u00e4hk\u00f6postiin. Is\u00e4nt\u00e4b\u00e4ndit (valittu aiemmin) ovat hyviss\u00e4 ajoin ennen tapahtumaa yhteydess\u00e4 saman esiintymispaikan esiintyjiin, jotta kaikki tiet\u00e4v\u00e4t, mit\u00e4 tarvikkeita kukin esiintyj\u00e4 tuo paikalle. <\/b> <\/label>\n<\/p>\n<p><input class=\"wpcf7-form-control wpcf7-submit has-spinner\" type=\"submit\" value=\"L\u00e4het\u00e4\" \/>\n<\/p><div class=\"wpcf7-response-output\" aria-hidden=\"true\"><\/div>\n<\/form>\n<\/div>\n<\/div>\n\n\n\n<p><\/p>\n","protected":false},"excerpt":{"rendered":"<div class=\"mh-excerpt\"><\/div>","protected":false},"author":1,"featured_media":0,"parent":0,"menu_order":0,"comment_status":"closed","ping_status":"closed","template":"template-full.php","meta":{"footnotes":""},"class_list":["post-447","page","type-page","status-publish","hentry"],"_links":{"self":[{"href":"https:\/\/kulttuurigoesbaari.fi\/index.php?rest_route=\/wp\/v2\/pages\/447","targetHints":{"allow":["GET"]}}],"collection":[{"href":"https:\/\/kulttuurigoesbaari.fi\/index.php?rest_route=\/wp\/v2\/pages"}],"about":[{"href":"https:\/\/kulttuurigoesbaari.fi\/index.php?rest_route=\/wp\/v2\/types\/page"}],"author":[{"embeddable":true,"href":"https:\/\/kulttuurigoesbaari.fi\/index.php?rest_route=\/wp\/v2\/users\/1"}],"replies":[{"embeddable":true,"href":"https:\/\/kulttuurigoesbaari.fi\/index.php?rest_route=%2Fwp%2Fv2%2Fcomments&post=447"}],"version-history":[{"count":8,"href":"https:\/\/kulttuurigoesbaari.fi\/index.php?rest_route=\/wp\/v2\/pages\/447\/revisions"}],"predecessor-version":[{"id":1094,"href":"https:\/\/kulttuurigoesbaari.fi\/index.php?rest_route=\/wp\/v2\/pages\/447\/revisions\/1094"}],"wp:attachment":[{"href":"https:\/\/kulttuurigoesbaari.fi\/index.php?rest_route=%2Fwp%2Fv2%2Fmedia&parent=447"}],"curies":[{"name":"wp","href":"https:\/\/api.w.org\/{rel}","templated":true}]}}