{"id":1225,"date":"2026-02-26T19:50:28","date_gmt":"2026-02-26T17:50:28","guid":{"rendered":"https:\/\/kulttuurigoesbaari.fi\/?page_id=1225"},"modified":"2026-03-07T13:58:00","modified_gmt":"2026-03-07T11:58:00","slug":"esiintyjat-2026-slo-room","status":"publish","type":"page","link":"https:\/\/kulttuurigoesbaari.fi\/?page_id=1225","title":{"rendered":"Esiintyj\u00e4t 2026 &#8211; SLO Room"},"content":{"rendered":"\n<p>SLO Room on hyvink\u00e4\u00e4l\u00e4iskaksosten Jaakko ja Kalle H\u00e4m\u00e4l\u00e4isen uusi ravintola ja baari Hyvink\u00e4\u00e4n keskustassa. Intohimo nousee brittil\u00e4isest\u00e4 brasseriesta, jossa rustiikkisuus ja kotoisuus yhdistyv\u00e4t ranskalaisen keitti\u00f6n perinteisiin ja pieteettiin. Veljesten ravintola ei kuitenkaan pelk\u00e4\u00e4 poiketa totutuista pelikirjoista, tuoden oman uniikin otteensa kaikkeen tekemiseen. \u200bSLO Room k\u00e4tkee sis\u00e4\u00e4ns\u00e4 niin Lontoon pubiklassikoita, Pariisin kulmakuppilan herkkuja kuin uusia trendej\u00e4kin, SLO Bros -tacoja sek\u00e4 villej\u00e4 fuusiota. My\u00f6s hyv\u00e4t viinit ja oluet ovat yht\u00e4 l\u00e4hell\u00e4 syd\u00e4nt\u00e4. Meille voit tulla nauttimaan mill\u00e4 kokoonpanolla tahansa hyv\u00e4st\u00e4 ruoasta ja juomasta iltamy\u00f6h\u00e4\u00e4n asti. Tervetuloa fiilistelem\u00e4\u00e4n!<\/p>\n\n\n\n<p>SLO Lounge on Hyvink\u00e4\u00e4n uusin ja monipuolisin yksityistila ja kabinetti. Meill\u00e4 voit j\u00e4rjest\u00e4\u00e4 kokoukset, isot ja pienet juhlat, tai vain tulla ruokailemaan intiimisti yst\u00e4viesi kanssa. SLO Loungessa j\u00e4rjestet\u00e4\u00e4n my\u00f6s s\u00e4\u00e4nn\u00f6llisesti avoimia viihdetapahtumia musiikista stand uppiin ja kisastudioihin, Otathan rohkeasti yhteytt\u00e4, SLO Loungessa vain taivas on rajana!<\/p>\n\n\n\n<p><a href=\"https:\/\/www.sloroom.fi\/\">Brasserie SLO Room<\/a><br><a href=\"https:\/\/www.facebook.com\/sloroom\">Facebook<\/a><br><a href=\"https:\/\/www.instagram.com\/sloroom\">Instagram<\/a><\/p>\n\n\n\n<div class=\"wp-block-columns is-layout-flex wp-container-core-columns-is-layout-9d6595d7 wp-block-columns-is-layout-flex\">\n<div class=\"wp-block-column is-layout-flow wp-block-column-is-layout-flow\">\n<figure class=\"wp-block-image size-large\"><img loading=\"lazy\" decoding=\"async\" width=\"819\" height=\"1024\" src=\"https:\/\/kulttuurigoesbaari.fi\/wp-content\/uploads\/2026\/02\/2026_kinnunen-family-duo-819x1024.jpg\" alt=\"\" class=\"wp-image-1293\" srcset=\"https:\/\/kulttuurigoesbaari.fi\/wp-content\/uploads\/2026\/02\/2026_kinnunen-family-duo-819x1024.jpg 819w, https:\/\/kulttuurigoesbaari.fi\/wp-content\/uploads\/2026\/02\/2026_kinnunen-family-duo-240x300.jpg 240w, https:\/\/kulttuurigoesbaari.fi\/wp-content\/uploads\/2026\/02\/2026_kinnunen-family-duo-768x960.jpg 768w, https:\/\/kulttuurigoesbaari.fi\/wp-content\/uploads\/2026\/02\/2026_kinnunen-family-duo.jpg 1080w\" sizes=\"auto, (max-width: 819px) 100vw, 819px\" \/><\/figure>\n<\/div>\n\n\n\n<div class=\"wp-block-column is-layout-flow wp-block-column-is-layout-flow\">\n<h2 class=\"wp-block-heading\">KINNUNEN FAMILY DUO<\/h2>\n\n\n\n<p>Musiikkigenre: Pop\/jazz<\/p>\n\n\n\n<p>Kinnunen Family Duo eli Anna Kinnunen (laulu) ja Risto Kinnunen (piano) esitt\u00e4\u00e4 musiikkia mm. Carole Kingilt\u00e4, Maaritilta, Norah Jonesilta ja Emma Salokoskelta. Duo esitti vuoden 2025 KGB:ssa Carole King -tribuuttikeikan.<\/p>\n<\/div>\n<\/div>\n\n\n\n<div class=\"wp-block-columns is-layout-flex wp-container-core-columns-is-layout-9d6595d7 wp-block-columns-is-layout-flex\">\n<div class=\"wp-block-column is-layout-flow wp-block-column-is-layout-flow\">\n<figure class=\"wp-block-image size-large\"><img loading=\"lazy\" decoding=\"async\" width=\"819\" height=\"1024\" src=\"https:\/\/kulttuurigoesbaari.fi\/wp-content\/uploads\/2026\/03\/2026_trubasamikarjula-819x1024.jpg\" alt=\"\" class=\"wp-image-1341\" srcset=\"https:\/\/kulttuurigoesbaari.fi\/wp-content\/uploads\/2026\/03\/2026_trubasamikarjula-819x1024.jpg 819w, https:\/\/kulttuurigoesbaari.fi\/wp-content\/uploads\/2026\/03\/2026_trubasamikarjula-240x300.jpg 240w, https:\/\/kulttuurigoesbaari.fi\/wp-content\/uploads\/2026\/03\/2026_trubasamikarjula-768x960.jpg 768w, https:\/\/kulttuurigoesbaari.fi\/wp-content\/uploads\/2026\/03\/2026_trubasamikarjula.jpg 1080w\" sizes=\"auto, (max-width: 819px) 100vw, 819px\" \/><\/figure>\n<\/div>\n\n\n\n<div class=\"wp-block-column is-layout-flow wp-block-column-is-layout-flow\">\n<h2 class=\"wp-block-heading\">TRUBADUURI SAMI KARJULA<\/h2>\n\n\n\n<p>Musiikkigenre: Akustinen rock<\/p>\n\n\n\n<p><a href=\"https:\/\/www.facebook.com\/profile.php?id=61577148955530\" target=\"_blank\" rel=\"noreferrer noopener\">Facebook<\/a><br><a href=\"https:\/\/www.instagram.com\/trubaduuri_sami\/\" target=\"_blank\" rel=\"noreferrer noopener\">Instagram<\/a><\/p>\n\n\n\n<p>Olen pitk\u00e4n linjan musiikkiharrastaja, nyky\u00e4\u00e4n puoliammattilainen muusikko. Instrumentteina laulu ja kitara, viime vuoden alussa aloitettuani trubaduuri-keikat olen\u00a0soittanut jo noin 50 konserttia, ja lis\u00e4\u00e4 on tulossa. Tumma \u00e4\u00e4neni taipuu moneen mutta eniten keikoillani tulet kuulemaan rock-sovituksia ja my\u00f6s hieman kevyemp\u00e4\u00e4 musiikkia.<\/p>\n<\/div>\n<\/div>\n\n\n\n<div class=\"wp-block-columns is-layout-flex wp-container-core-columns-is-layout-9d6595d7 wp-block-columns-is-layout-flex\">\n<div class=\"wp-block-column is-layout-flow wp-block-column-is-layout-flow\">\n<figure class=\"wp-block-image size-large\"><img loading=\"lazy\" decoding=\"async\" width=\"819\" height=\"1024\" src=\"https:\/\/kulttuurigoesbaari.fi\/wp-content\/uploads\/2026\/02\/2026_perhosii-819x1024.jpg\" alt=\"\" class=\"wp-image-1296\" srcset=\"https:\/\/kulttuurigoesbaari.fi\/wp-content\/uploads\/2026\/02\/2026_perhosii-819x1024.jpg 819w, https:\/\/kulttuurigoesbaari.fi\/wp-content\/uploads\/2026\/02\/2026_perhosii-240x300.jpg 240w, https:\/\/kulttuurigoesbaari.fi\/wp-content\/uploads\/2026\/02\/2026_perhosii-768x960.jpg 768w, https:\/\/kulttuurigoesbaari.fi\/wp-content\/uploads\/2026\/02\/2026_perhosii.jpg 1080w\" sizes=\"auto, (max-width: 819px) 100vw, 819px\" \/><\/figure>\n<\/div>\n\n\n\n<div class=\"wp-block-column is-layout-flow wp-block-column-is-layout-flow\">\n<h2 class=\"wp-block-heading\">PERHOSII<\/h2>\n\n\n\n<p>Musiikkigenre: elektro pop<\/p>\n\n\n\n<p><a href=\"https:\/\/www.instagram.com\/perhosii_virallinen\" target=\"_blank\" rel=\"noreferrer noopener\">Instagram<\/a><br><a href=\"http:\/\/www.youtube.com\/channel\/UCo45ykvFDA46EilmvKx23g\" target=\"_blank\" rel=\"noreferrer noopener\">Youtube<\/a><br><a href=\"https:\/\/open.spotify.com\/user\/Perhosii\" target=\"_blank\" rel=\"noreferrer noopener\">Spotify<\/a><\/p>\n\n\n\n<p>Hyvink\u00e4\u00e4l\u00e4inen Perhosii tarjoilee suomenkielist\u00e4 elektropoppia,&#8221;&#8221;syvyyspoppia&#8221;&#8221;, joka yhdist\u00e4\u00e4 herkk\u00e4\u00e4 folk-ilmaisua sykkiviin elektronisiin rytmeihin. Musiikki liikkuu vaivattomasti intiimin tunnelman ja tanssittavan energian v\u00e4lill\u00e4. Sanoitukset uppoavat runollisesti ja rohkeasti suoraan ihmisyyden ytimiin.<\/p>\n\n\n\n<p>Perhosii-duossa ovat mukana Asta P\u00f6yh\u00f6nen (laulu, koskettimet) sek\u00e4 Ilkka Ihalainen (basso, elektroniset taustat, tuotanto). Vaikutteita ja inspiraatiota Perhosii ammentaa muun muassa Vesalan, Chisun, Iisan ja Pehmoainon tuotannoista.<\/p>\n\n\n\n<p>Joulukuussa 2024 ilmestynyt single Ik\u00e4v\u00f6it nuorta sua sek\u00e4 siit\u00e4 tehty remix (Empath) soivat Ylell\u00e4 Tiskijorman sek\u00e4 Rony Rexin (YleX) ohjelmissa. Uusin singlemme Ballerina julkaistaan 27.2.2026. Se on voimakas ja valoisa oman itsens\u00e4 l\u00f6yt\u00e4misen ilotulitus. My\u00f6hemmin t\u00e4n\u00e4 kev\u00e4\u00e4n\u00e4 p\u00e4iv\u00e4nvalon n\u00e4kee my\u00f6s EP Halusit jotain muuta.<\/p>\n<\/div>\n<\/div>\n\n\n\n<div class=\"wp-block-columns is-layout-flex wp-container-core-columns-is-layout-9d6595d7 wp-block-columns-is-layout-flex\">\n<div class=\"wp-block-column is-layout-flow wp-block-column-is-layout-flow\">\n<figure class=\"wp-block-image size-large\"><img loading=\"lazy\" decoding=\"async\" width=\"819\" height=\"1024\" src=\"https:\/\/kulttuurigoesbaari.fi\/wp-content\/uploads\/2026\/02\/2026_akustinen-idea-819x1024.jpg\" alt=\"\" class=\"wp-image-1297\" srcset=\"https:\/\/kulttuurigoesbaari.fi\/wp-content\/uploads\/2026\/02\/2026_akustinen-idea-819x1024.jpg 819w, https:\/\/kulttuurigoesbaari.fi\/wp-content\/uploads\/2026\/02\/2026_akustinen-idea-240x300.jpg 240w, https:\/\/kulttuurigoesbaari.fi\/wp-content\/uploads\/2026\/02\/2026_akustinen-idea-768x960.jpg 768w, https:\/\/kulttuurigoesbaari.fi\/wp-content\/uploads\/2026\/02\/2026_akustinen-idea.jpg 1080w\" sizes=\"auto, (max-width: 819px) 100vw, 819px\" \/><\/figure>\n<\/div>\n\n\n\n<div class=\"wp-block-column is-layout-flow wp-block-column-is-layout-flow\">\n<h2 class=\"wp-block-heading\">AKUSTINEN IDEA<\/h2>\n\n\n\n<p>Musiikkigenre: Pop, suomenkielinen pop, laulaja-lauluntekij\u00e4, akustinen<\/p>\n\n\n\n<p><a href=\"https:\/\/www.instagram.com\/akustinenidea\" target=\"_blank\" rel=\"noreferrer noopener\">Instagram<\/a><br><a href=\"https:\/\/youtube.com\/channel\/UCMofYdigfSR-BKzeNs18YEg?si=0b6Q2r5x4J7JZllQ\" target=\"_blank\" rel=\"noreferrer noopener\">Youtube<\/a><br><a href=\"https:\/\/open.spotify.com\/artist\/23PUS9Yb8ItWbFyS1W1PKA?si=8BC3xsRkQ1WbZLqUj3DEXw\" target=\"_blank\" rel=\"noreferrer noopener\">Spotify<\/a><\/p>\n\n\n\n<p>Olemme kahden naisen melodinen duo, joka soittaa tarinallisia ja musikaalista pop-musiikkia. Teemme itse oman biisimme alusta loppuun saakka ja soitamme pianoa ja kitaraa, molemmat laulamme. Julkaisimme vuonna 2025 ensimm\u00e4isen albumimme ja viimeisimm\u00e4n singlen &#8221;&#8221;Tyhji\u00e4 sanoja&#8221;&#8221; olemme juuri julkaisseet.<\/p>\n<\/div>\n<\/div>\n","protected":false},"excerpt":{"rendered":"<div class=\"mh-excerpt\"><p>SLO Room on hyvink\u00e4\u00e4l\u00e4iskaksosten Jaakko ja Kalle H\u00e4m\u00e4l\u00e4isen uusi ravintola ja baari Hyvink\u00e4\u00e4n keskustassa. Intohimo nousee brittil\u00e4isest\u00e4 brasseriesta, jossa rustiikkisuus ja kotoisuus yhdistyv\u00e4t ranskalaisen keitti\u00f6n <a class=\"mh-excerpt-more\" href=\"https:\/\/kulttuurigoesbaari.fi\/?page_id=1225\" title=\"Esiintyj\u00e4t 2026 &#8211; SLO Room\">[&#8230;]<\/a><\/p>\n<\/div>","protected":false},"author":3,"featured_media":0,"parent":866,"menu_order":0,"comment_status":"closed","ping_status":"closed","template":"","meta":{"footnotes":""},"class_list":["post-1225","page","type-page","status-publish","hentry"],"_links":{"self":[{"href":"https:\/\/kulttuurigoesbaari.fi\/index.php?rest_route=\/wp\/v2\/pages\/1225","targetHints":{"allow":["GET"]}}],"collection":[{"href":"https:\/\/kulttuurigoesbaari.fi\/index.php?rest_route=\/wp\/v2\/pages"}],"about":[{"href":"https:\/\/kulttuurigoesbaari.fi\/index.php?rest_route=\/wp\/v2\/types\/page"}],"author":[{"embeddable":true,"href":"https:\/\/kulttuurigoesbaari.fi\/index.php?rest_route=\/wp\/v2\/users\/3"}],"replies":[{"embeddable":true,"href":"https:\/\/kulttuurigoesbaari.fi\/index.php?rest_route=%2Fwp%2Fv2%2Fcomments&post=1225"}],"version-history":[{"count":5,"href":"https:\/\/kulttuurigoesbaari.fi\/index.php?rest_route=\/wp\/v2\/pages\/1225\/revisions"}],"predecessor-version":[{"id":1342,"href":"https:\/\/kulttuurigoesbaari.fi\/index.php?rest_route=\/wp\/v2\/pages\/1225\/revisions\/1342"}],"up":[{"embeddable":true,"href":"https:\/\/kulttuurigoesbaari.fi\/index.php?rest_route=\/wp\/v2\/pages\/866"}],"wp:attachment":[{"href":"https:\/\/kulttuurigoesbaari.fi\/index.php?rest_route=%2Fwp%2Fv2%2Fmedia&parent=1225"}],"curies":[{"name":"wp","href":"https:\/\/api.w.org\/{rel}","templated":true}]}}